ns digit of 14111?
1
What is the hundreds digit of 959?
9
What is the units digit of 1174?
4
What is the tens digit of 5035?
3
What is the tens digit of 23948?
4
What is the hundreds digit of 655?
6
What is the hundreds digit of 19003?
0
What is the thousands digit of 73957?
3
What is the ten thousands digit of 86520?
8
What is the ten thousands digit of 63545?
6
What is the tens digit of 2407?
0
What is the tens digit of 685?
8
What is the thousands digit of 9265?
9
What is the units digit of 2673?
3
What is the units digit of 519?
9
What is the units digit of 924?
4
What is the thousands digit of 2087?
2
What is the tens digit of 5722?
2
What is the tens digit of 19856?
5
What is the tens digit of 2092?
9
What is the tens digit of 61460?
6
What is the units digit of 22931?
1
What is the thousands digit of 48604?
8
What is the thousands digit of 1082?
1
What is the thousands digit of 30118?
0
What is the units digit of 25646?
6
What is the hundred thousands digit of 133065?
1
What is the tens digit of 485?
8
What is the thousands digit of 1527?
1
What is the thousands digit of 2924?
2
What is the thousands digit of 1703?
1
What is the units digit of 6132?
2
What is the units digit of 6084?
4
What is the units digit of 294?
4
What is the ten thousands digit of 10135?
1
What is the thousands digit of 27208?
7
What is the thousands digit of 7483?
7
What is the units digit of 44699?
9
What is the hundreds digit of 7313?
3
What is the thousands digit of 7979?
7
What is the units digit of 1328?
8
What is the ten thousands digit of 34513?
3
What is the units digit of 79150?
0
What is the thousands digit of 3346?
3
What is the units digit of 19948?
8
What is the tens digit of 146064?
6
What is the ten thousands digit of 140792?
4
What is the thousands digit of 62746?
2
What is the tens digit of 1555?
5
What is the tens digit of 5455?
5
What is the units digit of 123550?
0
What is the ten thousands digit of 24587?
2
What is the units digit of 22409?
9
What is the tens digit of 1595?
9
What is the units digit of 6369?
9
What is the hundreds digit of 2330?
3
What is the thousands digit of 2532?
2
What is the thousands digit of 3644?
3
What is the hundreds digit of 5460?
4
What is the tens digit of 5720?
2
What is the thousands digit of 5446?
5
What is the thousands digit of 1227?
1
What is the ten thousands digit of 11386?
1
What is the tens digit of 1636?
3
What is the hundreds digit of 4396?
3
What is the hundreds digit of 732?
7
What is the thousands digit of 3218?
3
What is the ten thousands digit of 11242?
1
What is the tens digit of 362?
6
What is the tens digit of 166?
6
What is the tens digit of 3403?
0
What is the thousands digit of 58122?
8
What is the hundreds digit of 2592?
5
What is the thousands digit of 11226?
1
What is the tens digit of 46762?
6
What is the tens digit of 76991?
9
What is the tens digit of 9663?
6
What is the tens digit of 967?
6
What is the tens digit of 5634?
3
What is the tens digit of 6346?
4
What is the units digit of 60206?
6
What is the thousands digit of 48471?
8
What is the thousands digit of 8394?
8
What is the tens digit of 5319?
1
What is the ten thousands digit of 13844?
1
What is the tens digit of 659?
5
What is the ten thousands digit of 60097?
6
What is the units digit of 1286?
6
What is the tens digit of 99?
9
What is the thousands digit of 5797?
5
What is the tens digit of 98196?
9
What is the thousands digit of 23088?
3
What is the hundreds digit of 9864?
8
What is the tens digit of 1258?
5
What is the thousands digit of 13507?
3
What is the hundreds digit of 127968?
9
What is the tens digit of 37648?
4
What is the hundreds digit of 8101?
1
What is the thousands digit of 145613?
5
What is the thousands digit of 1457?
1
What is the units digit of 112?
2
What is the units digit of 1398?
8
What is the units digit of 5762?
2
What is the hundreds digit of 134230?
2
What is the thousands digit of 8523?
8
What is the thousands digit of 12858?
2
What is the tens digit of 711?
1
What is the tens digit of 114156?
5
What is the tens digit of 159812?
1
What is the thousands digit of 50521?
0
What is the tens digit of 1149?
4
What is the thousands digit of 21896?
1
What is the tens digit of 7904?
0
What is the units digit of 6928?
8
What is the hundreds digit of 13632?
6
What is the units digit of 1308?
8
What is the hundreds digit of 16581?
5
What is the thousands digit of 2412?
2
What is the tens digit of 14248?
4
What is the units digit of 1491?
1
What is the units digit of 416?
6
What is the hundreds digit of 147633?
6
What is the hundreds digit of 2060?
0
What is the thousands digit of 15662?
5
What is the thousands digit of 4762?
4
What is the hundreds digit of 3989?
9
What is the tens digit of 894?
9
What is the units digit of 92152?
2
What is the units digit of 86863?
3
What is the hundreds digit of 2272?
2
What is the tens digit of 2187?
8
What is the tens digit of 58827?
2
What is the tens digit of 6454?
5
What is the ten thousands digit of 41633?
4
What is the tens digit of 1306?
0
What is the units digit of 878?
8
What is the tens digit of 11954?
5
What is the hundreds digit of 1821?
8
What is the units digit of 12425?
5
What is the tens digit of 16491?
9
What is the units digit of 7443?
3
What is the units digit of 16063?
3
What is the tens digit of 686?
8
What is the thousands digit of 18864?
8
What is the thousands digit of 3526?
3
What is the tens digit of 423?
2
What is the hundreds digit of 8697?
6
What is the thousands digit of 1653?
1
What is the units digit of 25490?
0
What is the units digit of 1250?
0
What is the thousands digit of 93934?
3
What is the thousands digit of 5142?
5
What is the tens digit of 611?
1
What is the hundreds digit of 11840?
8
What is the units digit of 31172?
2
What is the hundreds digit of 2455?
4
What is the hundreds digit of 37784?
7
What is the thousands digit of 4654?
4
What is the tens digit of 10844?
4
What is the thousands digit of 3043?
3
What is the ten thousands digit of 21559?
2
What is the units digit of 2347?
7
What is the hundreds digit of 3865?
8
What is the units digit of 24358?
8
What is the tens digit of 2912?
1
What is the tens digit of 290?
9
What is the thousands digit of 4300?
4
What is the units digit of 754?
4
What is the units digit of 12262?
2
What is the tens digit of 29672?
7
What is the tens digit of 1987?
8
What is the hundreds digit of 5775?
7
What is the tens digit of 570?
7
What is the units digit of 4942?
2
What is the units digit of 8707?
7
What is the thousands digit of 134378?
4
What is the units digit of 4478?
8
What is the units digit of 2891?
1
What is the thousands digit of 14441?
4
What is the hundreds digit of 313?
3
What is the tens digit of 151417?
1
What is the units digit of 9092?
2
What is the units digit of 55121?
1
What is the units digit of 1794?
4
What is the tens digit of 386?
8
What is the units digit of 63779?
9
What is the units digit of 15746?
6
What is the hundreds digit of 42633?
6
What is the hundreds digit of 1874?
8
What is the thousands digit of 20794?
0
What is the tens digit of 5317?
1
What is the hundreds digit of 483?
4
What is the tens digit of 1775?
7
What is the thousands digit of 2833?
2
What is the ten thousands digit of 42801?
4
What is the units digit of 9875?
5
What is the units digit of 858?
8
What is the tens digit of 45578?
7
What is the tens digit of 5151?
5
What is the hundreds digit of 462?
4
What is the hundreds digit of 103641?
6
What is the tens digit of 1382?
8
What is the ten thousands digit of 90927?
9
What is the hundreds digit of 1537?
5
What is the tens digit of 152464?
6
What is the tens digit of 944?
4
What is the thousands digit of 6654?
6
What is the tens digit of 2753?
5
What is the hundreds digit of 1472?
4
What is the units digit of 41234?
4
What is the hundreds digit of 1502?
5
What is the thousands digit of 17553?
7
What is the hundreds digit of 624?
6
What is the units digit of 10368?
8
What is the tens digit of 120?
2
What is the hundreds digit of 3343?
3
What is the thousands digit of 3581?
3
What is the ten thousands digit of 10851?
1
What is the tens digit of 7123?
2
What is the tens digit of 3436?
3
What is the ten thousands digit of 103537?
0
What is the tens 